[INFO] cloning repository https://github.com/av0ided/party
[INFO] running `Command { std: "git" "-c" "credential.helper=" "-c" "credential.helper=/workspace/cargo-home/bin/git-credential-null" "clone" "--bare" "https://github.com/av0ided/party" "/workspace/cache/git-repos/https%3A%2F%2Fgithub.com%2Fav0ided%2Fparty", kill_on_drop: false }`
[INFO] [stderr] Cloning into bare repository '/workspace/cache/git-repos/https%3A%2F%2Fgithub.com%2Fav0ided%2Fparty'...
[INFO] running `Command { std: "git" "rev-parse" "HEAD", kill_on_drop: false }`
[INFO] [stdout] c0cb077aee83c97853539deb756342a59961619c
[INFO] building av0ided/party against master#881c1ac408d93bb7adaa3a51dabab9266e82eee8 for issue-85264
[INFO] running `Command { std: "git" "clone" "/workspace/cache/git-repos/https%3A%2F%2Fgithub.com%2Fav0ided%2Fparty" "/workspace/builds/worker-12/source", kill_on_drop: false }`
[INFO] [stderr] Cloning into '/workspace/builds/worker-12/source'...
[INFO] [stderr] done.
[INFO] validating manifest of git repo https://github.com/av0ided/party on toolchain 881c1ac408d93bb7adaa3a51dabab9266e82eee8
[INFO] running `Command { std: "/workspace/cargo-home/bin/cargo" "+881c1ac408d93bb7adaa3a51dabab9266e82eee8" "metadata" "--manifest-path" "Cargo.toml" "--no-deps", kill_on_drop: false }`
[INFO] started tweaking git repo https://github.com/av0ided/party
[INFO] finished tweaking git repo https://github.com/av0ided/party
[INFO] tweaked toml for git repo https://github.com/av0ided/party written to /workspace/builds/worker-12/source/Cargo.toml
[INFO] crate git repo https://github.com/av0ided/party already has a lockfile, it will not be regenerated
[INFO] running `Command { std: "/workspace/cargo-home/bin/cargo" "+881c1ac408d93bb7adaa3a51dabab9266e82eee8" "fetch" "--manifest-path" "Cargo.toml", kill_on_drop: false }`
[INFO] [stderr]     Blocking waiting for file lock on package cache
[INFO] [stderr]     Blocking waiting for file lock on package cache
[INFO] running `Command { std: "docker" "create" "-v" "/var/lib/crater-agent-workspace/builds/worker-12/target:/opt/rustwide/target:rw,Z" "-v" "/var/lib/crater-agent-workspace/builds/worker-12/source:/opt/rustwide/workdir:ro,Z" "-v" "/var/lib/crater-agent-workspace/cargo-home:/opt/rustwide/cargo-home:ro,Z" "-v" "/var/lib/crater-agent-workspace/rustup-home:/opt/rustwide/rustup-home:ro,Z" "-e" "SOURCE_DIR=/opt/rustwide/workdir" "-e" "CARGO_TARGET_DIR=/opt/rustwide/target" "-e" "CARGO_HOME=/opt/rustwide/cargo-home" "-e" "RUSTUP_HOME=/opt/rustwide/rustup-home" "-w" "/opt/rustwide/workdir" "-m" "1610612736" "--user" "0:0" "--network" "none" "ghcr.io/rust-lang/crates-build-env/linux@sha256:20528e8c29e4536546f0102ce88568b16ea7538393a33fcca951030f7af10457" "/opt/rustwide/cargo-home/bin/cargo" "+881c1ac408d93bb7adaa3a51dabab9266e82eee8" "metadata" "--no-deps" "--format-version=1", kill_on_drop: false }`
[INFO] [stdout] 91c8ac7e8e75cf4f1ab4cdd6dd2c8a72850e6c1731fd2e92f7a2f06d48954017
[INFO] [stderr] WARNING: Your kernel does not support swap limit capabilities or the cgroup is not mounted. Memory limited without swap.
[INFO] running `Command { std: "docker" "start" "-a" "91c8ac7e8e75cf4f1ab4cdd6dd2c8a72850e6c1731fd2e92f7a2f06d48954017", kill_on_drop: false }`
[INFO] running `Command { std: "docker" "inspect" "91c8ac7e8e75cf4f1ab4cdd6dd2c8a72850e6c1731fd2e92f7a2f06d48954017", kill_on_drop: false }`
[INFO] running `Command { std: "docker" "rm" "-f" "91c8ac7e8e75cf4f1ab4cdd6dd2c8a72850e6c1731fd2e92f7a2f06d48954017", kill_on_drop: false }`
[INFO] [stdout] 91c8ac7e8e75cf4f1ab4cdd6dd2c8a72850e6c1731fd2e92f7a2f06d48954017
[INFO] running `Command { std: "docker" "create" "-v" "/var/lib/crater-agent-workspace/builds/worker-12/target:/opt/rustwide/target:rw,Z" "-v" "/var/lib/crater-agent-workspace/builds/worker-12/source:/opt/rustwide/workdir:ro,Z" "-v" "/var/lib/crater-agent-workspace/cargo-home:/opt/rustwide/cargo-home:ro,Z" "-v" "/var/lib/crater-agent-workspace/rustup-home:/opt/rustwide/rustup-home:ro,Z" "-e" "SOURCE_DIR=/opt/rustwide/workdir" "-e" "CARGO_TARGET_DIR=/opt/rustwide/target" "-e" "CARGO_INCREMENTAL=0" "-e" "RUST_BACKTRACE=full" "-e" "RUSTFLAGS=--cap-lints=forbid" "-e" "CARGO_HOME=/opt/rustwide/cargo-home" "-e" "RUSTUP_HOME=/opt/rustwide/rustup-home" "-w" "/opt/rustwide/workdir" "-m" "1610612736" "--user" "0:0" "--network" "none" "ghcr.io/rust-lang/crates-build-env/linux@sha256:20528e8c29e4536546f0102ce88568b16ea7538393a33fcca951030f7af10457" "/opt/rustwide/cargo-home/bin/cargo" "+881c1ac408d93bb7adaa3a51dabab9266e82eee8" "build" "--frozen" "--message-format=json", kill_on_drop: false }`
[INFO] [stdout] 4b57a08184a211be08226569d246b7e0f74b66880308e62cace7d42e69c20767
[INFO] [stderr] WARNING: Your kernel does not support swap limit capabilities or the cgroup is not mounted. Memory limited without swap.
[INFO] running `Command { std: "docker" "start" "-a" "4b57a08184a211be08226569d246b7e0f74b66880308e62cace7d42e69c20767", kill_on_drop: false }`
[INFO] [stderr]    Compiling libc v0.2.82
[INFO] [stderr]    Compiling proc-macro2 v1.0.24
[INFO] [stderr]    Compiling unicode-xid v0.2.1
[INFO] [stderr]    Compiling syn v1.0.60
[INFO] [stderr]    Compiling version_check v0.9.2
[INFO] [stderr]    Compiling log v0.4.13
[INFO] [stderr]    Compiling once_cell v1.5.2
[INFO] [stderr]    Compiling itoa v0.4.7
[INFO] [stderr]    Compiling serde_derive v1.0.122
[INFO] [stderr]    Compiling serde v1.0.122
[INFO] [stderr]    Compiling const_fn v0.4.5
[INFO] [stderr]    Compiling proc-macro-nested v0.1.7
[INFO] [stderr]    Compiling foreign-types-shared v0.1.1
[INFO] [stderr]    Compiling bytes v1.0.1
[INFO] [stderr]    Compiling openssl v0.10.32
[INFO] [stderr]    Compiling byteorder v1.4.2
[INFO] [stderr]    Compiling slab v0.4.2
[INFO] [stderr]    Compiling getrandom v0.1.16
[INFO] [stderr]    Compiling native-tls v0.2.7
[INFO] [stderr]    Compiling openssl-probe v0.1.2
[INFO] [stderr]    Compiling regex-syntax v0.6.22
[INFO] [stderr]    Compiling ident_case v1.0.1
[INFO] [stderr]    Compiling strsim v0.9.3
[INFO] [stderr]    Compiling try-lock v0.2.3
[INFO] [stderr]    Compiling typeable v0.1.2
[INFO] [stderr]    Compiling rayon-core v1.9.0
[INFO] [stderr]    Compiling language-tags v0.2.2
[INFO] [stderr]    Compiling unicode-width v0.1.8
[INFO] [stderr]    Compiling tower-service v0.3.1
[INFO] [stderr]    Compiling unicode-segmentation v1.7.1
[INFO] [stderr]    Compiling httpdate v0.3.2
[INFO] [stderr]    Compiling byteorder v0.5.3
[INFO] [stderr]    Compiling cached_proc_macro_types v0.1.0
[INFO] [stderr]    Compiling anyhow v1.0.38
[INFO] [stderr]    Compiling antidote v1.0.0
[INFO] [stderr]    Compiling vec_map v0.8.2
[INFO] [stderr]    Compiling termcolor v1.1.2
[INFO] [stderr]    Compiling rustc-serialize v0.3.24
[INFO] [stderr]    Compiling bitflags v0.7.0
[INFO] [stderr]    Compiling ipnet v2.3.0
[INFO] [stderr]    Compiling base64-rs v0.1.1
[INFO] [stderr]    Compiling openssl-src v111.13.0+1.1.1i
[INFO] [stderr]    Compiling instant v0.1.9
[INFO] [stderr]    Compiling tokio v1.1.1
[INFO] [stderr]    Compiling crossbeam-utils v0.8.1
[INFO] [stderr]    Compiling indexmap v1.6.1
[INFO] [stderr]    Compiling tracing-core v0.1.17
[INFO] [stderr]    Compiling memoffset v0.6.1
[INFO] [stderr]    Compiling num-traits v0.2.14
[INFO] [stderr]    Compiling num-integer v0.1.44
[INFO] [stderr]    Compiling libsodium-sys v0.2.6
[INFO] [stderr]    Compiling miniz_oxide v0.4.3
[INFO] [stderr]    Compiling opus-sys v0.2.1
[INFO] [stderr]    Compiling rayon v1.5.0
[INFO] [stderr]    Compiling form_urlencoded v1.0.0
[INFO] [stderr]    Compiling humantime v1.3.0
[INFO] [stderr]    Compiling foreign-types v0.3.2
[INFO] [stderr]    Compiling textwrap v0.11.0
[INFO] [stderr]    Compiling futures-task v0.3.12
[INFO] [stderr]    Compiling thread_local v1.1.2
[INFO] [stderr]    Compiling base64 v0.9.3
[INFO] [stderr]    Compiling regex-automata v0.1.9
[INFO] [stderr]    Compiling heck v0.3.2
[INFO] [stderr]    Compiling crc32fast v1.2.1
[INFO] [stderr]    Compiling encoding_rs v0.8.26
[INFO] [stderr]    Compiling aho-corasick v0.7.15
[INFO] [stderr]    Compiling csv-core v0.1.10
[INFO] [stderr]    Compiling idna v0.1.5
[INFO] [stderr]    Compiling idna v0.2.0
[INFO] [stderr]    Compiling http v0.2.3
[INFO] [stderr]    Compiling openssl-sys v0.9.60
[INFO] [stderr]    Compiling tracing v0.1.23
[INFO] [stderr]    Compiling standback v0.2.15
[INFO] [stderr]    Compiling unicase v2.6.0
[INFO] [stderr]    Compiling proc-macro-error-attr v1.0.4
[INFO] [stderr]    Compiling time v0.2.25
[INFO] [stderr]    Compiling error-chain v0.12.4
[INFO] [stderr]    Compiling proc-macro-error v1.0.4
[INFO] [stderr]    Compiling cookie v0.14.3
[INFO] [stderr]    Compiling log v0.3.9
[INFO] [stderr]    Compiling want v0.3.0
[INFO] [stderr]    Compiling mime v0.2.6
[INFO] [stderr]    Compiling url v2.2.0
[INFO] [stderr]    Compiling url v1.7.2
[INFO] [stderr]    Compiling quote v1.0.8
[INFO] [stderr]    Compiling crossbeam-channel v0.5.0
[INFO] [stderr]    Compiling mime_guess v2.0.3
[INFO] [stderr]    Compiling crossbeam-epoch v0.9.1
[INFO] [stderr]    Compiling num_cpus v1.13.0
[INFO] [stderr]    Compiling parking_lot_core v0.8.2
[INFO] [stderr]    Compiling signal-hook-registry v1.3.0
[INFO] [stderr]    Compiling mio v0.7.7
[INFO] [stderr]    Compiling getrandom v0.2.2
[INFO] [stderr]    Compiling time v0.1.43
[INFO] [stderr]    Compiling atty v0.2.14
[INFO] [stderr]    Compiling rand v0.4.6
[INFO] [stderr]    Compiling socket2 v0.3.19
[INFO] [stderr]    Compiling net2 v0.2.37
[INFO] [stderr]    Compiling flate2 v1.0.20
[INFO] [stderr]    Compiling clap v2.33.3
[INFO] [stderr]    Compiling opus v0.2.1
[INFO] [stderr]    Compiling parking_lot v0.11.1
[INFO] [stderr]    Compiling rand_core v0.6.2
[INFO] [stderr]    Compiling rand_core v0.5.1
[INFO] [stderr]    Compiling crossbeam-deque v0.8.0
[INFO] [stderr]    Compiling rand_chacha v0.3.0
[INFO] [stderr]    Compiling rand_chacha v0.2.2
[INFO] [stderr]    Compiling hyper v0.10.16
[INFO] [stderr]    Compiling rand v0.8.3
[INFO] [stderr]    Compiling rand v0.7.3
[INFO] [stderr]    Compiling rand v0.3.23
[INFO] [stderr]    Compiling regex v1.4.3
[INFO] [stderr]    Compiling tempfile v3.2.0
[INFO] [stderr]    Compiling http-body v0.4.0
[INFO] [stderr]    Compiling multipart v0.17.1
[INFO] [stderr]    Compiling publicsuffix v1.5.4
[INFO] [stderr]    Compiling env_logger v0.7.1
[INFO] [stderr]    Compiling pretty_env_logger v0.4.0
[INFO] [stderr]    Compiling darling_core v0.10.2
[INFO] [stderr]    Compiling futures-macro v0.3.12
[INFO] [stderr]    Compiling tokio-macros v1.0.0
[INFO] [stderr]    Compiling pin-project-internal v1.0.5
[INFO] [stderr]    Compiling time-macros-impl v0.1.1
[INFO] [stderr]    Compiling thiserror-impl v1.0.23
[INFO] [stderr]    Compiling structopt-derive v0.4.14
[INFO] [stderr]    Compiling async-trait v0.1.42
[INFO] [stderr]    Compiling darling_macro v0.10.2
[INFO] [stderr]    Compiling time-macros v0.1.1
[INFO] [stderr]    Compiling futures-util v0.3.12
[INFO] [stderr]    Compiling darling v0.10.2
[INFO] [stderr]    Compiling cached_proc_macro v0.6.0
[INFO] [stderr]    Compiling thiserror v1.0.23
[INFO] [stderr]    Compiling structopt v0.3.21
[INFO] [stderr]    Compiling pin-project v1.0.5
[INFO] [stderr]    Compiling tracing-futures v0.2.5
[INFO] [stderr]    Compiling futures-executor v0.3.12
[INFO] [stderr]    Compiling futures v0.3.12
[INFO] [stderr]    Compiling cached v0.23.0
[INFO] [stderr]    Compiling tokio-util v0.6.3
[INFO] [stderr]    Compiling h2 v0.3.0
[INFO] [stderr]    Compiling websocket v0.18.0 (https://github.com/ArtemGr/rust-websocket?branch=hyper-bump#b5965662)
[INFO] [stderr]    Compiling tokio-native-tls v0.3.0
[INFO] [stderr]    Compiling hyper-native-tls v0.3.0
[INFO] [stderr]    Compiling serde_json v1.0.61
[INFO] [stderr]    Compiling chrono v0.4.19
[INFO] [stderr]    Compiling bstr v0.2.14
[INFO] [stderr]    Compiling serde_urlencoded v0.7.0
[INFO] [stderr]    Compiling hyper v0.14.4
[INFO] [stderr]    Compiling csv v1.1.5
[INFO] [stderr]    Compiling cookie_store v0.12.0
[INFO] [stderr]    Compiling json_dotpath v1.0.3
[INFO] [stderr]    Compiling hyper-tls v0.5.0
[INFO] [stderr]    Compiling reqwest v0.11.0
[INFO] [stderr]    Compiling sodiumoxide v0.2.6
[INFO] [stderr]    Compiling discord v0.9.0 (https://github.com/SpaceManiac/discord-rs#245f5731)
[INFO] [stderr]    Compiling discord-bomber v0.1.0 (/opt/rustwide/workdir)
[INFO] [stdout] warning: unused import: `tokio::fs::File`
[INFO] [stdout]  --> src/main.rs:5:5
[INFO] [stdout]   |
[INFO] [stdout] 5 | use tokio::fs::File;
[INFO] [stdout]   |     ^^^^^^^^^^^^^^^
[INFO] [stdout]   |
[INFO] [stdout]   = note: `#[warn(unused_imports)]` on by default
[INFO] [stdout] 
[INFO] [stdout] 
[INFO] [stdout] warning: unused import: `rand::Rng`
[INFO] [stdout]  --> src/email/mod.rs:2:5
[INFO] [stdout]   |
[INFO] [stdout] 2 | use rand::Rng;
[INFO] [stdout]   |     ^^^^^^^^^
[INFO] [stdout] 
[INFO] [stdout] 
[INFO] [stdout] warning: unused import: `rand::distributions::Alphanumeric`
[INFO] [stdout]  --> src/email/mod.rs:3:5
[INFO] [stdout]   |
[INFO] [stdout] 3 | use rand::distributions::Alphanumeric;
[INFO] [stdout]   |     ^^^^^^^^^^^^^^^^^^^^^^^^^^^^^^^^^
[INFO] [stdout] 
[INFO] [stdout] 
[INFO] [stdout] warning: unused import: `reqwest::StatusCode`
[INFO] [stdout]  --> src/email/create.rs:3:5
[INFO] [stdout]   |
[INFO] [stdout] 3 | use reqwest::StatusCode;
[INFO] [stdout]   |     ^^^^^^^^^^^^^^^^^^^
[INFO] [stdout] 
[INFO] [stdout] 
[INFO] [stdout] warning: unused import: `reqwest::StatusCode`
[INFO] [stdout]  --> src/email/list.rs:3:5
[INFO] [stdout]   |
[INFO] [stdout] 3 | use reqwest::StatusCode;
[INFO] [stdout]   |     ^^^^^^^^^^^^^^^^^^^
[INFO] [stdout] 
[INFO] [stdout] 
[INFO] [stdout] warning: unused import: `EmailUser`
[INFO] [stdout]  --> src/email/list.rs:6:34
[INFO] [stdout]   |
[INFO] [stdout] 6 | use crate::email::{MAIL_API_URL, EmailUser, USER_AGENT};
[INFO] [stdout]   |                                  ^^^^^^^^^
[INFO] [stdout] 
[INFO] [stdout] 
[INFO] [stdout] warning: unused import: `crate::email::create::CreateResponse`
[INFO] [stdout]  --> src/email/list.rs:8:5
[INFO] [stdout]   |
[INFO] [stdout] 8 | use crate::email::create::CreateResponse;
[INFO] [stdout]   |     ^^^^^^^^^^^^^^^^^^^^^^^^^^^^^^^^^^^^
[INFO] [stdout] 
[INFO] [stdout] 
[INFO] [stdout] warning: unused import: `reqwest::StatusCode`
[INFO] [stdout]  --> src/email/inspect.rs:3:5
[INFO] [stdout]   |
[INFO] [stdout] 3 | use reqwest::StatusCode;
[INFO] [stdout]   |     ^^^^^^^^^^^^^^^^^^^
[INFO] [stdout] 
[INFO] [stdout] 
[INFO] [stdout] warning: unused import: `crate::email::EmailUser`
[INFO] [stdout]  --> src/email/inspect.rs:7:5
[INFO] [stdout]   |
[INFO] [stdout] 7 | use crate::email::EmailUser;
[INFO] [stdout]   |     ^^^^^^^^^^^^^^^^^^^^^^^
[INFO] [stdout] 
[INFO] [stdout] 
[INFO] [stdout] warning: unused import: `crate::email::create::CreateResponse`
[INFO] [stdout]  --> src/email/auth.rs:1:5
[INFO] [stdout]   |
[INFO] [stdout] 1 | use crate::email::create::CreateResponse;
[INFO] [stdout]   |     ^^^^^^^^^^^^^^^^^^^^^^^^^^^^^^^^^^^^
[INFO] [stdout] 
[INFO] [stdout] 
[INFO] [stdout] warning: unused import: `reqwest::StatusCode`
[INFO] [stdout]  --> src/email/auth.rs:3:5
[INFO] [stdout]   |
[INFO] [stdout] 3 | use reqwest::StatusCode;
[INFO] [stdout]   |     ^^^^^^^^^^^^^^^^^^^
[INFO] [stdout] 
[INFO] [stdout] 
[INFO] [stdout] warning: unused import: `StatusCode`
[INFO] [stdout]  --> src/discord.rs:3:23
[INFO] [stdout]   |
[INFO] [stdout] 3 | use reqwest::{Client, StatusCode};
[INFO] [stdout]   |                       ^^^^^^^^^^
[INFO] [stdout] 
[INFO] [stdout] 
[INFO] [stdout] warning: unused imports: `Duration`, `sleep`
[INFO] [stdout]  --> src/discord.rs:6:19
[INFO] [stdout]   |
[INFO] [stdout] 6 | use tokio::time::{Duration, sleep};
[INFO] [stdout]   |                   ^^^^^^^^  ^^^^^
[INFO] [stdout] 
[INFO] [stdout] 
[INFO] [stdout] warning: unused import: `EmailUser`
[INFO] [stdout]  --> src/discord.rs:8:20
[INFO] [stdout]   |
[INFO] [stdout] 8 | use crate::email::{EmailUser, USER_AGENT};
[INFO] [stdout]   |                    ^^^^^^^^^
[INFO] [stdout] 
[INFO] [stdout] 
[INFO] [stdout] warning: unused import: `discord::model::Message`
[INFO] [stdout]   --> src/discord.rs:10:5
[INFO] [stdout]    |
[INFO] [stdout] 10 | use discord::model::Message;
[INFO] [stdout]    |     ^^^^^^^^^^^^^^^^^^^^^^^
[INFO] [stdout] 
[INFO] [stdout] 
[INFO] [stdout] warning: unused import: `StatusCode`
[INFO] [stdout]  --> src/captcha.rs:2:23
[INFO] [stdout]   |
[INFO] [stdout] 2 | use reqwest::{Client, StatusCode};
[INFO] [stdout]   |                       ^^^^^^^^^^
[INFO] [stdout] 
[INFO] [stdout] 
[INFO] [stdout] warning: unused imports: `CONNECTION`, `CONTENT_TYPE`, `HeaderMap`, `USER_AGENT as USER_AGENT_PARAM`
[INFO] [stdout]  --> src/captcha.rs:3:23
[INFO] [stdout]   |
[INFO] [stdout] 3 | use reqwest::header::{CONNECTION, CONTENT_TYPE, HeaderMap, USER_AGENT as USER_AGENT_PARAM};
[INFO] [stdout]   |                       ^^^^^^^^^^  ^^^^^^^^^^^^  ^^^^^^^^^  ^^^^^^^^^^^^^^^^^^^^^^^^^^^^^^
[INFO] [stdout] 
[INFO] [stdout] 
[INFO] [stdout] warning: unused imports: `Deserialize`, `Serialize`
[INFO] [stdout]  --> src/captcha.rs:4:13
[INFO] [stdout]   |
[INFO] [stdout] 4 | use serde::{Deserialize, Serialize};
[INFO] [stdout]   |             ^^^^^^^^^^^  ^^^^^^^^^
[INFO] [stdout] 
[INFO] [stdout] 
[INFO] [stdout] warning: unused imports: `MAIL_API_URL`, `USER_AGENT`
[INFO] [stdout]  --> src/captcha.rs:9:20
[INFO] [stdout]   |
[INFO] [stdout] 9 | use crate::email::{MAIL_API_URL, USER_AGENT};
[INFO] [stdout]   |                    ^^^^^^^^^^^^  ^^^^^^^^^^
[INFO] [stdout] 
[INFO] [stdout] 
[INFO] [stdout] warning: unused import: `crate::email::EmailUser`
[INFO] [stdout]   --> src/captcha.rs:10:5
[INFO] [stdout]    |
[INFO] [stdout] 10 | use crate::email::EmailUser;
[INFO] [stdout]    |     ^^^^^^^^^^^^^^^^^^^^^^^
[INFO] [stdout] 
[INFO] [stdout] 
[INFO] [stdout] warning: unused import: `RngCore`
[INFO] [stdout]  --> src/user.rs:1:17
[INFO] [stdout]   |
[INFO] [stdout] 1 | use rand::{Rng, RngCore};
[INFO] [stdout]   |                 ^^^^^^^
[INFO] [stdout] 
[INFO] [stdout] 
[INFO] [stdout] warning: unused import: `csv::Reader`
[INFO] [stdout]  --> src/user.rs:6:5
[INFO] [stdout]   |
[INFO] [stdout] 6 | use csv::Reader;
[INFO] [stdout]   |     ^^^^^^^^^^^
[INFO] [stdout] 
[INFO] [stdout] 
[INFO] [stdout] warning: unused import: `std::path::PathBuf`
[INFO] [stdout]  --> src/cli.rs:1:5
[INFO] [stdout]   |
[INFO] [stdout] 1 | use std::path::PathBuf;
[INFO] [stdout]   |     ^^^^^^^^^^^^^^^^^^
[INFO] [stdout] 
[INFO] [stdout] 
[INFO] [stdout] warning: unused variable: `opts`
[INFO] [stdout]   --> src/user.rs:25:16
[INFO] [stdout]    |
[INFO] [stdout] 25 |     pub fn new(opts: &Opts) -> User {
[INFO] [stdout]    |                ^^^^ help: if this is intentional, prefix it with an underscore: `_opts`
[INFO] [stdout]    |
[INFO] [stdout]    = note: `#[warn(unused_variables)]` on by default
[INFO] [stdout] 
[INFO] [stdout] 
[INFO] [stdout] warning: variable does not need to be mutable
[INFO] [stdout]   --> src/user.rs:40:13
[INFO] [stdout]    |
[INFO] [stdout] 40 |         let mut file = File::open("words.csv").expect("Failed to open words"); //TODO fix me
[INFO] [stdout]    |             ----^^^^
[INFO] [stdout]    |             |
[INFO] [stdout]    |             help: remove this `mut`
[INFO] [stdout]    |
[INFO] [stdout]    = note: `#[warn(unused_mut)]` on by default
[INFO] [stdout] 
[INFO] [stdout] 
[INFO] [stdout] warning: function is never used: `list_messages`
[INFO] [stdout]   --> src/email/list.rs:67:14
[INFO] [stdout]    |
[INFO] [stdout] 67 | pub async fn list_messages(token: Token) -> Result<ListMessages, Error> {
[INFO] [stdout]    |              ^^^^^^^^^^^^^
[INFO] [stdout]    |
[INFO] [stdout]    = note: `#[warn(dead_code)]` on by default
[INFO] [stdout] 
[INFO] [stdout] 
[INFO] [stdout] warning: function is never used: `contains_verification_email`
[INFO] [stdout]   --> src/email/list.rs:87:4
[INFO] [stdout]    |
[INFO] [stdout] 87 | fn contains_verification_email(messages: ListMessages) -> bool {
[INFO] [stdout]    |    ^^^^^^^^^^^^^^^^^^^^^^^^^^^
[INFO] [stdout] 
[INFO] [stdout] 
[INFO] [stdout] warning: function is never used: `inspect_email`
[INFO] [stdout]   --> src/email/inspect.rs:63:10
[INFO] [stdout]    |
[INFO] [stdout] 63 | async fn inspect_email(id: String, token: String) -> Result<Message, Error> {
[INFO] [stdout]    |          ^^^^^^^^^^^^^
[INFO] [stdout] 
[INFO] [stdout] 
[INFO] [stdout] warning: function is never used: `extract_link`
[INFO] [stdout]   --> src/email/inspect.rs:88:4
[INFO] [stdout]    |
[INFO] [stdout] 88 | fn extract_link(message: Message) -> String {
[INFO] [stdout]    |    ^^^^^^^^^^^^
[INFO] [stdout] 
[INFO] [stdout] 
[INFO] [stdout] warning: function is never used: `verify`
[INFO] [stdout]   --> src/email/inspect.rs:93:10
[INFO] [stdout]    |
[INFO] [stdout] 93 | async fn verify(link: String) -> Result<bool, Error> {
[INFO] [stdout]    |          ^^^^^^
[INFO] [stdout] 
[INFO] [stdout] 
[INFO] [stdout] warning: constant is never used: `DISCORD_LIST_GUILDS`
[INFO] [stdout]   --> src/discord.rs:14:1
[INFO] [stdout]    |
[INFO] [stdout] 14 | pub const DISCORD_LIST_GUILDS: &str = "https://discordapp.com/api/v6/users/@me/guilds";
[INFO] [stdout]    | ^^^^^^^^^^^^^^^^^^^^^^^^^^^^^^^^^^^^^^^^^^^^^^^^^^^^^^^^^^^^^^^^^^^^^^^^^^^^^^^^^^^^^^^
[INFO] [stdout] 
[INFO] [stdout] 
[INFO] [stdout] warning: constant is never used: `TOPEST_DISCORD_INVITE_LINK`
[INFO] [stdout]   --> src/discord.rs:15:1
[INFO] [stdout]    |
[INFO] [stdout] 15 | pub const TOPEST_DISCORD_INVITE_LINK: &str = "47PDSBM2";
[INFO] [stdout]    | ^^^^^^^^^^^^^^^^^^^^^^^^^^^^^^^^^^^^^^^^^^^^^^^^^^^^^^^^
[INFO] [stdout] 
[INFO] [stdout] 
[INFO] [stdout] warning: constant is never used: `HABIBI_DISCORD_INVITE_LINK`
[INFO] [stdout]   --> src/discord.rs:16:1
[INFO] [stdout]    |
[INFO] [stdout] 16 | pub const HABIBI_DISCORD_INVITE_LINK: &str = "QQBb2JcUdF";
[INFO] [stdout]    | ^^^^^^^^^^^^^^^^^^^^^^^^^^^^^^^^^^^^^^^^^^^^^^^^^^^^^^^^^^
[INFO] [stdout] 
[INFO] [stdout] 
[INFO] [stdout] warning: constant is never used: `MEMES_DISCORD_INVITE_LINK`
[INFO] [stdout]   --> src/discord.rs:17:1
[INFO] [stdout]    |
[INFO] [stdout] 17 | pub const MEMES_DISCORD_INVITE_LINK: &str = "TFAq8FZ";
[INFO] [stdout]    | ^^^^^^^^^^^^^^^^^^^^^^^^^^^^^^^^^^^^^^^^^^^^^^^^^^^^^^
[INFO] [stdout] 
[INFO] [stdout] 
[INFO] [stdout] warning: constant is never used: `METALLUM_DISCORD_INVITE_LINK`
[INFO] [stdout]   --> src/discord.rs:18:1
[INFO] [stdout]    |
[INFO] [stdout] 18 | pub const METALLUM_DISCORD_INVITE_LINK: &str = "fBXkNAJ";
[INFO] [stdout]    | ^^^^^^^^^^^^^^^^^^^^^^^^^^^^^^^^^^^^^^^^^^^^^^^^^^^^^^^^^
[INFO] [stdout] 
[INFO] [stdout] 
[INFO] [stdout] warning: function is never used: `check_rate_limit`
[INFO] [stdout]    --> src/discord.rs:114:14
[INFO] [stdout]     |
[INFO] [stdout] 114 | pub async fn check_rate_limit(user: &User) -> Result<Token, Error> {
[INFO] [stdout]     |              ^^^^^^^^^^^^^^^^
[INFO] [stdout] 
[INFO] [stdout] 
[INFO] [stdout] warning: function is never used: `spam_rick_roll`
[INFO] [stdout]    --> src/discord.rs:135:14
[INFO] [stdout]     |
[INFO] [stdout] 135 | pub async fn spam_rick_roll(user: &User) -> Result<String, Error> {
[INFO] [stdout]     |              ^^^^^^^^^^^^^^
[INFO] [stdout] 
[INFO] [stdout] 
[INFO] [stdout] warning: function is never used: `get_random_job_id`
[INFO] [stdout]   --> src/user.rs:88:4
[INFO] [stdout]    |
[INFO] [stdout] 88 | fn get_random_job_id() -> String {
[INFO] [stdout]    |    ^^^^^^^^^^^^^^^^^
[INFO] [stdout] 
[INFO] [stdout] 
[INFO] [stdout] warning: 38 warnings emitted
[INFO] [stdout] 
[INFO] [stdout] 
[INFO] [stderr]     Finished dev [unoptimized + debuginfo] target(s) in 3m 54s
[INFO] running `Command { std: "docker" "inspect" "4b57a08184a211be08226569d246b7e0f74b66880308e62cace7d42e69c20767", kill_on_drop: false }`
[INFO] running `Command { std: "docker" "rm" "-f" "4b57a08184a211be08226569d246b7e0f74b66880308e62cace7d42e69c20767", kill_on_drop: false }`
[INFO] [stdout] 4b57a08184a211be08226569d246b7e0f74b66880308e62cace7d42e69c20767
[INFO] running `Command { std: "docker" "create" "-v" "/var/lib/crater-agent-workspace/builds/worker-12/target:/opt/rustwide/target:rw,Z" "-v" "/var/lib/crater-agent-workspace/builds/worker-12/source:/opt/rustwide/workdir:ro,Z" "-v" "/var/lib/crater-agent-workspace/cargo-home:/opt/rustwide/cargo-home:ro,Z" "-v" "/var/lib/crater-agent-workspace/rustup-home:/opt/rustwide/rustup-home:ro,Z" "-e" "SOURCE_DIR=/opt/rustwide/workdir" "-e" "CARGO_TARGET_DIR=/opt/rustwide/target" "-e" "CARGO_INCREMENTAL=0" "-e" "RUST_BACKTRACE=full" "-e" "RUSTFLAGS=--cap-lints=forbid" "-e" "CARGO_HOME=/opt/rustwide/cargo-home" "-e" "RUSTUP_HOME=/opt/rustwide/rustup-home" "-w" "/opt/rustwide/workdir" "-m" "1610612736" "--user" "0:0" "--network" "none" "ghcr.io/rust-lang/crates-build-env/linux@sha256:20528e8c29e4536546f0102ce88568b16ea7538393a33fcca951030f7af10457" "/opt/rustwide/cargo-home/bin/cargo" "+881c1ac408d93bb7adaa3a51dabab9266e82eee8" "test" "--frozen" "--no-run" "--message-format=json", kill_on_drop: false }`
[INFO] [stdout] 2e20f8f439b75c26355b5e9b62f1f1d3a65592611475f4aa2927517996907550
[INFO] [stderr] WARNING: Your kernel does not support swap limit capabilities or the cgroup is not mounted. Memory limited without swap.
[INFO] running `Command { std: "docker" "start" "-a" "2e20f8f439b75c26355b5e9b62f1f1d3a65592611475f4aa2927517996907550", kill_on_drop: false }`
[INFO] [stderr]    Compiling discord-bomber v0.1.0 (/opt/rustwide/workdir)
[INFO] [stdout] warning: unused import: `tokio::fs::File`
[INFO] [stdout]  --> src/main.rs:5:5
[INFO] [stdout]   |
[INFO] [stdout] 5 | use tokio::fs::File;
[INFO] [stdout]   |     ^^^^^^^^^^^^^^^
[INFO] [stdout]   |
[INFO] [stdout]   = note: `#[warn(unused_imports)]` on by default
[INFO] [stdout] 
[INFO] [stdout] 
[INFO] [stdout] warning: unused import: `rand::Rng`
[INFO] [stdout]  --> src/email/mod.rs:2:5
[INFO] [stdout]   |
[INFO] [stdout] 2 | use rand::Rng;
[INFO] [stdout]   |     ^^^^^^^^^
[INFO] [stdout] 
[INFO] [stdout] 
[INFO] [stdout] warning: unused import: `rand::distributions::Alphanumeric`
[INFO] [stdout]  --> src/email/mod.rs:3:5
[INFO] [stdout]   |
[INFO] [stdout] 3 | use rand::distributions::Alphanumeric;
[INFO] [stdout]   |     ^^^^^^^^^^^^^^^^^^^^^^^^^^^^^^^^^
[INFO] [stdout] 
[INFO] [stdout] 
[INFO] [stdout] warning: unused import: `reqwest::StatusCode`
[INFO] [stdout]  --> src/email/create.rs:3:5
[INFO] [stdout]   |
[INFO] [stdout] 3 | use reqwest::StatusCode;
[INFO] [stdout]   |     ^^^^^^^^^^^^^^^^^^^
[INFO] [stdout] 
[INFO] [stdout] 
[INFO] [stdout] warning: unused import: `reqwest::StatusCode`
[INFO] [stdout]  --> src/email/list.rs:3:5
[INFO] [stdout]   |
[INFO] [stdout] 3 | use reqwest::StatusCode;
[INFO] [stdout]   |     ^^^^^^^^^^^^^^^^^^^
[INFO] [stdout] 
[INFO] [stdout] 
[INFO] [stdout] warning: unused import: `EmailUser`
[INFO] [stdout]  --> src/email/list.rs:6:34
[INFO] [stdout]   |
[INFO] [stdout] 6 | use crate::email::{MAIL_API_URL, EmailUser, USER_AGENT};
[INFO] [stdout]   |                                  ^^^^^^^^^
[INFO] [stdout] 
[INFO] [stdout] 
[INFO] [stdout] warning: unused import: `crate::email::create::CreateResponse`
[INFO] [stdout]  --> src/email/list.rs:8:5
[INFO] [stdout]   |
[INFO] [stdout] 8 | use crate::email::create::CreateResponse;
[INFO] [stdout]   |     ^^^^^^^^^^^^^^^^^^^^^^^^^^^^^^^^^^^^
[INFO] [stdout] 
[INFO] [stdout] 
[INFO] [stdout] warning: unused import: `reqwest::StatusCode`
[INFO] [stdout]  --> src/email/inspect.rs:3:5
[INFO] [stdout]   |
[INFO] [stdout] 3 | use reqwest::StatusCode;
[INFO] [stdout]   |     ^^^^^^^^^^^^^^^^^^^
[INFO] [stdout] 
[INFO] [stdout] 
[INFO] [stdout] warning: unused import: `crate::email::EmailUser`
[INFO] [stdout]  --> src/email/inspect.rs:7:5
[INFO] [stdout]   |
[INFO] [stdout] 7 | use crate::email::EmailUser;
[INFO] [stdout]   |     ^^^^^^^^^^^^^^^^^^^^^^^
[INFO] [stdout] 
[INFO] [stdout] 
[INFO] [stdout] warning: unused import: `crate::email::create::CreateResponse`
[INFO] [stdout]  --> src/email/auth.rs:1:5
[INFO] [stdout]   |
[INFO] [stdout] 1 | use crate::email::create::CreateResponse;
[INFO] [stdout]   |     ^^^^^^^^^^^^^^^^^^^^^^^^^^^^^^^^^^^^
[INFO] [stdout] 
[INFO] [stdout] 
[INFO] [stdout] warning: unused import: `reqwest::StatusCode`
[INFO] [stdout]  --> src/email/auth.rs:3:5
[INFO] [stdout]   |
[INFO] [stdout] 3 | use reqwest::StatusCode;
[INFO] [stdout]   |     ^^^^^^^^^^^^^^^^^^^
[INFO] [stdout] 
[INFO] [stdout] 
[INFO] [stdout] warning: unused import: `StatusCode`
[INFO] [stdout]  --> src/discord.rs:3:23
[INFO] [stdout]   |
[INFO] [stdout] 3 | use reqwest::{Client, StatusCode};
[INFO] [stdout]   |                       ^^^^^^^^^^
[INFO] [stdout] 
[INFO] [stdout] 
[INFO] [stdout] warning: unused imports: `Duration`, `sleep`
[INFO] [stdout]  --> src/discord.rs:6:19
[INFO] [stdout]   |
[INFO] [stdout] 6 | use tokio::time::{Duration, sleep};
[INFO] [stdout]   |                   ^^^^^^^^  ^^^^^
[INFO] [stdout] 
[INFO] [stdout] 
[INFO] [stdout] warning: unused import: `EmailUser`
[INFO] [stdout]  --> src/discord.rs:8:20
[INFO] [stdout]   |
[INFO] [stdout] 8 | use crate::email::{EmailUser, USER_AGENT};
[INFO] [stdout]   |                    ^^^^^^^^^
[INFO] [stdout] 
[INFO] [stdout] 
[INFO] [stdout] warning: unused import: `discord::model::Message`
[INFO] [stdout]   --> src/discord.rs:10:5
[INFO] [stdout]    |
[INFO] [stdout] 10 | use discord::model::Message;
[INFO] [stdout]    |     ^^^^^^^^^^^^^^^^^^^^^^^
[INFO] [stdout] 
[INFO] [stdout] 
[INFO] [stdout] warning: unused import: `StatusCode`
[INFO] [stdout]  --> src/captcha.rs:2:23
[INFO] [stdout]   |
[INFO] [stdout] 2 | use reqwest::{Client, StatusCode};
[INFO] [stdout]   |                       ^^^^^^^^^^
[INFO] [stdout] 
[INFO] [stdout] 
[INFO] [stdout] warning: unused imports: `CONNECTION`, `CONTENT_TYPE`, `HeaderMap`, `USER_AGENT as USER_AGENT_PARAM`
[INFO] [stdout]  --> src/captcha.rs:3:23
[INFO] [stdout]   |
[INFO] [stdout] 3 | use reqwest::header::{CONNECTION, CONTENT_TYPE, HeaderMap, USER_AGENT as USER_AGENT_PARAM};
[INFO] [stdout]   |                       ^^^^^^^^^^  ^^^^^^^^^^^^  ^^^^^^^^^  ^^^^^^^^^^^^^^^^^^^^^^^^^^^^^^
[INFO] [stdout] 
[INFO] [stdout] 
[INFO] [stdout] warning: unused imports: `Deserialize`, `Serialize`
[INFO] [stdout]  --> src/captcha.rs:4:13
[INFO] [stdout]   |
[INFO] [stdout] 4 | use serde::{Deserialize, Serialize};
[INFO] [stdout]   |             ^^^^^^^^^^^  ^^^^^^^^^
[INFO] [stdout] 
[INFO] [stdout] 
[INFO] [stdout] warning: unused imports: `MAIL_API_URL`, `USER_AGENT`
[INFO] [stdout]  --> src/captcha.rs:9:20
[INFO] [stdout]   |
[INFO] [stdout] 9 | use crate::email::{MAIL_API_URL, USER_AGENT};
[INFO] [stdout]   |                    ^^^^^^^^^^^^  ^^^^^^^^^^
[INFO] [stdout] 
[INFO] [stdout] 
[INFO] [stdout] warning: unused import: `crate::email::EmailUser`
[INFO] [stdout]   --> src/captcha.rs:10:5
[INFO] [stdout]    |
[INFO] [stdout] 10 | use crate::email::EmailUser;
[INFO] [stdout]    |     ^^^^^^^^^^^^^^^^^^^^^^^
[INFO] [stdout] 
[INFO] [stdout] 
[INFO] [stdout] warning: unused import: `super::*`
[INFO] [stdout]   --> src/captcha.rs:85:9
[INFO] [stdout]    |
[INFO] [stdout] 85 |     use super::*;
[INFO] [stdout]    |         ^^^^^^^^
[INFO] [stdout] 
[INFO] [stdout] 
[INFO] [stdout] warning: unused import: `RngCore`
[INFO] [stdout]  --> src/user.rs:1:17
[INFO] [stdout]   |
[INFO] [stdout] 1 | use rand::{Rng, RngCore};
[INFO] [stdout]   |                 ^^^^^^^
[INFO] [stdout] 
[INFO] [stdout] 
[INFO] [stdout] warning: unused import: `csv::Reader`
[INFO] [stdout]  --> src/user.rs:6:5
[INFO] [stdout]   |
[INFO] [stdout] 6 | use csv::Reader;
[INFO] [stdout]   |     ^^^^^^^^^^^
[INFO] [stdout] 
[INFO] [stdout] 
[INFO] [stdout] warning: unused import: `std::path::PathBuf`
[INFO] [stdout]  --> src/cli.rs:1:5
[INFO] [stdout]   |
[INFO] [stdout] 1 | use std::path::PathBuf;
[INFO] [stdout]   |     ^^^^^^^^^^^^^^^^^^
[INFO] [stdout] 
[INFO] [stdout] 
[INFO] [stdout] error[E0061]: this function takes 1 argument but 0 arguments were supplied
[INFO] [stdout]   --> src/email/create.rs:60:34
[INFO] [stdout]    |
[INFO] [stdout] 60 |         assert_eq!(create_email(&User::new()).await.unwrap().address.as_str().is_empty(), false)
[INFO] [stdout]    |                                  ^^^^^^^^^-- supplied 0 arguments
[INFO] [stdout]    |                                  |
[INFO] [stdout]    |                                  expected 1 argument
[INFO] [stdout]    |
[INFO] [stdout] note: associated function defined here
[INFO] [stdout]   --> src/user.rs:25:12
[INFO] [stdout]    |
[INFO] [stdout] 25 |     pub fn new(opts: &Opts) -> User {
[INFO] [stdout]    |            ^^^ -----------
[INFO] [stdout] 
[INFO] [stdout] 
[INFO] [stdout] error[E0061]: this function takes 1 argument but 0 arguments were supplied
[INFO] [stdout]   --> src/email/create.rs:68:40
[INFO] [stdout]    |
[INFO] [stdout] 68 |             let result = create_email(&User::new()).await;
[INFO] [stdout]    |                                        ^^^^^^^^^-- supplied 0 arguments
[INFO] [stdout]    |                                        |
[INFO] [stdout]    |                                        expected 1 argument
[INFO] [stdout]    |
[INFO] [stdout] note: associated function defined here
[INFO] [stdout]   --> src/user.rs:25:12
[INFO] [stdout]    |
[INFO] [stdout] 25 |     pub fn new(opts: &Opts) -> User {
[INFO] [stdout]    |            ^^^ -----------
[INFO] [stdout] 
[INFO] [stdout] 
[INFO] [stdout] error[E0061]: this function takes 1 argument but 0 arguments were supplied
[INFO] [stdout]   --> src/email/list.rs:99:20
[INFO] [stdout]    |
[INFO] [stdout] 99 |         let user = User::new();
[INFO] [stdout]    |                    ^^^^^^^^^-- supplied 0 arguments
[INFO] [stdout]    |                    |
[INFO] [stdout]    |                    expected 1 argument
[INFO] [stdout]    |
[INFO] [stdout] note: associated function defined here
[INFO] [stdout]   --> src/user.rs:25:12
[INFO] [stdout]    |
[INFO] [stdout] 25 |     pub fn new(opts: &Opts) -> User {
[INFO] [stdout]    |            ^^^ -----------
[INFO] [stdout] 
[INFO] [stdout] 
[INFO] [stdout] error[E0061]: this function takes 1 argument but 0 arguments were supplied
[INFO] [stdout]    --> src/email/list.rs:106:20
[INFO] [stdout]     |
[INFO] [stdout] 106 |         let user = User::new();
[INFO] [stdout]     |                    ^^^^^^^^^-- supplied 0 arguments
[INFO] [stdout]     |                    |
[INFO] [stdout]     |                    expected 1 argument
[INFO] [stdout]     |
[INFO] [stdout] note: associated function defined here
[INFO] [stdout]    --> src/user.rs:25:12
[INFO] [stdout]     |
[INFO] [stdout] 25  |     pub fn new(opts: &Opts) -> User {
[INFO] [stdout]     |            ^^^ -----------
[INFO] [stdout] 
[INFO] [stdout] 
[INFO] [stdout] error[E0061]: this function takes 1 argument but 0 arguments were supplied
[INFO] [stdout]    --> src/email/inspect.rs:110:20
[INFO] [stdout]     |
[INFO] [stdout] 110 |         let user = User::new();
[INFO] [stdout]     |                    ^^^^^^^^^-- supplied 0 arguments
[INFO] [stdout]     |                    |
[INFO] [stdout]     |                    expected 1 argument
[INFO] [stdout]     |
[INFO] [stdout] note: associated function defined here
[INFO] [stdout]    --> src/user.rs:25:12
[INFO] [stdout]     |
[INFO] [stdout] 25  |     pub fn new(opts: &Opts) -> User {
[INFO] [stdout]     |            ^^^ -----------
[INFO] [stdout] 
[INFO] [stdout] 
[INFO] [stdout] error[E0061]: this function takes 1 argument but 0 arguments were supplied
[INFO] [stdout]    --> src/email/inspect.rs:124:20
[INFO] [stdout]     |
[INFO] [stdout] 124 |         let user = User::new();
[INFO] [stdout]     |                    ^^^^^^^^^-- supplied 0 arguments
[INFO] [stdout]     |                    |
[INFO] [stdout]     |                    expected 1 argument
[INFO] [stdout]     |
[INFO] [stdout] note: associated function defined here
[INFO] [stdout]    --> src/user.rs:25:12
[INFO] [stdout]     |
[INFO] [stdout] 25  |     pub fn new(opts: &Opts) -> User {
[INFO] [stdout]     |            ^^^ -----------
[INFO] [stdout] 
[INFO] [stdout] 
[INFO] [stdout] error[E0061]: this function takes 1 argument but 0 arguments were supplied
[INFO] [stdout]   --> src/email/auth.rs:47:20
[INFO] [stdout]    |
[INFO] [stdout] 47 |         let user = User::new();
[INFO] [stdout]    |                    ^^^^^^^^^-- supplied 0 arguments
[INFO] [stdout]    |                    |
[INFO] [stdout]    |                    expected 1 argument
[INFO] [stdout]    |
[INFO] [stdout] note: associated function defined here
[INFO] [stdout]   --> src/user.rs:25:12
[INFO] [stdout]    |
[INFO] [stdout] 25 |     pub fn new(opts: &Opts) -> User {
[INFO] [stdout]    |            ^^^ -----------
[INFO] [stdout] 
[INFO] [stdout] 
[INFO] [stdout] error: aborting due to 7 previous errors; 24 warnings emitted
[INFO] [stdout] 
[INFO] [stdout] 
[INFO] [stdout] For more information about this error, try `rustc --explain E0061`.
[INFO] [stdout] 
[INFO] [stderr] error: could not compile `discord-bomber`
[INFO] [stderr] 
[INFO] [stderr] To learn more, run the command again with --verbose.
[INFO] running `Command { std: "docker" "inspect" "2e20f8f439b75c26355b5e9b62f1f1d3a65592611475f4aa2927517996907550", kill_on_drop: false }`
[INFO] running `Command { std: "docker" "rm" "-f" "2e20f8f439b75c26355b5e9b62f1f1d3a65592611475f4aa2927517996907550", kill_on_drop: false }`
[INFO] [stdout] 2e20f8f439b75c26355b5e9b62f1f1d3a65592611475f4aa2927517996907550
